te the highest common factor of u and m.
5
Suppose 179 = 3*u - b, -u - 2*b + 14 = -48. Calculate the highest common divisor of u and 20.
20
Suppose 0 = l + 2*l. Suppose l*r = -4*r + 152. Calculate the greatest common factor of r and 57.
19
Let m = 43 - -7. Calculate the greatest common divisor of m and 10.
10
Suppose -3*y = 5*o - 9, 0*y - y - o = -5. Let n = 14 - 10. Suppose -n*a - 10 + 42 = 0. What is the greatest common factor of y and a?
8
Suppose 6*l - 5*y = 4*l + 23, 0 = 5*l + 2*y - 43. Suppose -u - u = 0. Suppose u*d - 3 = -d. Calculate the greatest common factor of d and l.
3
Suppose 7*h - 24 = 4*h. Let x be (-4)/(4/(-11)) - 3. What is the highest common factor of x and h?
8
Let s(c) = 6*c**2 - 3*c. Let b be s(2). Calculate the greatest common factor of 198 and b.
18
Suppose 2*p + 0 - 8 = 0. Suppose -g = -5*a - 6, -5*a - 3*g = -0*g + 2. Let f(t) = -10*t. Let c be f(a). What is the highest common factor of c and p?
2
Suppose -1 - 15 = -4*c. Let v(s) = s**3 - 2*s**2 - 2. Let x be v(c). Calculate the greatest common divisor of x and 20.
10
Let m(i) = i**2 + i - 1. Let z be m(5). What is the greatest common factor of z and 116?
29
Suppose 0 = 6*i - 11*i + 735. Suppose 3*w - 6*w = -i. Calculate the highest common divisor of w and 7.
7
Let d be ((-3)/(-6))/((-1)/(-60)). Suppose j = 3*j - d. Let r = j - 4. What is the greatest common factor of r and 33?
11
Suppose -97 = 3*p - 493. Let c = 7 + -3. Suppose -c*f - 30 = -k + 2, -k = 5*f + 13. Calculate the highest common divisor of p and k.
12
Let i = 11 - 2. Let r = i + 6. What is the highest common divisor of 105 and r?
15
Let i(j) = 3*j + 19. Let n be i(0). What is the greatest common factor of 209 and n?
19
Suppose 25*h = 63 + 762. Calculate the highest common divisor of 66 and h.
33
Let u = 113 + -64. Suppose -4*x - 104 = -0*n - 4*n, -2*n = -5*x - 55. Let o = n + -18. What is the greatest common factor of u and o?
7
Suppose -5*p + 40 = -p. Let y be -2*(-2 - -4)/(-1). Suppose -s + 12 = -y*f, 2*f + 0 = -4. What is the greatest common divisor of p and s?
2
Let o(b) = b**3 + b**2 - b - 1. Let c be o(3). Let j = 57 + -41. Calculate the highest common factor of c and j.
16
Let c(d) = -d**2 - 3*d + 6. Let x be c(0). Let a be (-2)/((-4)/15)*2. What is the highest common factor of x and a?
3
Suppose 3 = -3*z - 36. Let d be (-2)/13 + (-1003)/z. Calculate the greatest common factor of 11 and d.
11
Let z = 15 - -37. Let r = -24 + z. What is the highest common factor of r and 42?
14
Let o = -51 + 71. Calculate the highest common factor of o and 220.
20
Let c(l) = 5*l**2 - 18*l - 8. Let y be c(-7). What is the greatest common factor of 33 and y?
33
Let o = 175 + -135. What is the greatest common factor of o and 200?
40
Let x = 10 + -7. Suppose -x*b + 24 = -7*b. Let z(j) = j**2 + 5*j + 5. Let u be z(b). Calculate the greatest common divisor of u and 55.
11
Let k(t) = 77*t - 32. Let a be k(1). Let r(m) = -6*m**3 - m**2. Let g be r(-1). What is the highest common divisor of g and a?
5
Let m be 99*((-3)/9 - -1). Calculate the highest common divisor of m and 6.
6
Suppose 0 = l + 1 - 0, -3*q + 4*l = -70. Let r be 6/10 - 6/(-15). Let z be (-23)/(-2) + r/(-2). What is the greatest common factor of z and q?
11
Let b(y) = y**2 + 5*y - 10. Let u(k) = k**2 + 9*k + 6. Let j be u(-7). Let d be b(j). What is the greatest common divisor of d and 35?
7
Let v(z) = -9*z - 2. Let g be v(-2). Let d be -3 + 8 - (1 + 1). Suppose -o + 64 = d*o. Calculate the highest common factor of g and o.
16
Let j = 13 - 8. Suppose j*v + 0*v = 200. Let d(u) = -u + 5. Let i be d(0). Calculate the highest common factor of i and v.
5
Let c = -13 + 17. Suppose 21 = 3*h - 5*p, 5*p + 4 = -c*h + p. What is the greatest common factor of 1 and h?
1
Suppose 2 = 2*i - 2. Suppose 11 = w + i*q, -2*w = -7*w + 5*q + 10. Let m be (60/(-18))/((-1)/3). Calculate the greatest common divisor of w and m.
5
Let z = -18 + 19. Calculate the highest common divisor of 6 and z.
1
Suppose 2*p - 1 = -2*p - 5*v, 4 = 4*v. Let x = p - -2. Let s = 21 + -14. Calculate the greatest common divisor of s and x.
1
Let m be 200/6*(-1 + 4). What is the highest common factor of m and 40?
20
Let a be -24*(2 - (-3)/2*-2). Calculate the greatest common divisor of a and 16.
8
Suppose -5*y + 22 = 3*g, 4*y - 22 = -5*g + 6. Suppose -r + 2*r + 2 = 4*n, 2*n + 2 = y*r. Calculate the highest common factor of r and 2.
2
Let z = -21 - -37. Calculate the highest common divisor of z and 144.
16
Suppose 4*j - d + 160 = 0, -3*d - 66 = j + j. Let z = 6 - j. Calculate the highest common divisor of z and 30.
15
Let y = -28 - -36. Calculate the greatest common factor of 8 and y.
8
Suppose 4*n + 3*k - 280 = 0, -k = n - 6*n + 350. Suppose 1 = p - 0. Let j be (-16)/(-2) - (-1 - p). What is the highest common divisor of j and n?
10
Let r = -5 + 0. Let j = 10 + r. Suppose 4*w + 88 = 4*y, j*w = y + 3*w - 27. What is the highest common factor of y and 85?
17
Suppose -5*c - u + 3 = -4*c, 5*u + 5 = 0. Suppose -6*t + c*t + 312 = 0. Suppose -3*m + t = 24. Calculate the greatest common factor of m and 4.
4
Suppose 0 = -l - 10 + 13. Let w be -2 - 8*(l + -4). Suppose -4*m = 4*o - 48, 5*o = 2*m + 2*m - 75. Calculate the highest common factor of w and m.
3
Let f(d) = d**2 + 6*d + 2. Let s be f(-6). Let j(a) = 0 + 4*a - 2*a - 4 + 2*a**s. Let c be j(-5). Calculate the greatest common factor of 24 and c.
12
Suppose -q - 13 = -4. Let h(z) = -z**3 - 10*z**2 - 11*z - 8. Let n be h(q). Calculate the greatest common divisor of n and 4.
2
Suppose 51 = h + 3*h - 5*z, -z = 5*h - 42. What is the greatest common divisor of h and 45?
9
Let j = 146 + -27. Calculate the greatest common divisor of 7 and j.
7
Suppose -o = o - 32. Calculate the greatest common factor of 48 and o.
16
Suppose 3*s = -5*f + 2991, 0 = -5*f + 3*s - 7*s + 2988. Let z = 843 - f. Calculate the greatest common factor of 27 and z.
27
Let q(u) = -28*u**2 - u + 1. Let a be 1/1 + 0 + 0. Let p be q(a). Let t be (p/10)/((-3)/15). Calculate the highest common factor of t and 98.
14
Let w(j) = -2*j - 3. Let a be w(4). Let v = a + 17. Calculate the greatest common divisor of 18 and v.
6
Let c = 46 + -34. Suppose -2*i - j = -2*j - 6, 2*j + 8 = 2*i. Suppose 3*m - 6 = -2*w, i*w - 26 = -w + 4*m. Calculate the highest common divisor of w and c.
6
Let y(x) = x - 1. Let p be y(5). Suppose -c = -u - 8, -21 = -p*u + 6*u - 3*c. Let v = 3 - u. What is the highest common divisor of v and 54?
6
Let i be 4 + 16 - (1 - 1). Calculate the greatest common factor of 160 and i.
20
Let r(u) = -u + 14. Let i be r(12). What is the greatest common divisor of 16 and i?
2
Suppose -2*d = 7 + 11. Let l be 99/(-2)*12/d. Calculate the greatest common divisor of l and 6.
6
Let b = -26 - -10. Let y = 32 + b. What is the highest common factor of y and 40?
8
Let k be 30/4*4/5. Suppose -i + d + k = 4*i, 12 = 3*d. Suppose -2*c = -3*g - 361, i*c + g - 366 = -17. Calculate the highest common factor of 22 and c.
22
Suppose 2*t - 78 = -3*r, -5*r - 54 + 239 = 5*t. Calculate the greatest common divisor of 22 and t.
11
Let h be ((-1)/2)/((-1)/90). Let n = h - 21. Suppose -3*j = j - n. Calculate the greatest common divisor of j and 12.
6
Let b(g) = -g**3 - 5*g**2 + g + 8. Let s be b(-7). Suppose h - s - 6 = 0. What is the greatest common divisor of 21 and h?
21
Let b(u) = 5*u**2 + 3*u + 13. Let q be b(-6). What is the greatest common factor of q and 25?
25
Let k be 84/24 + 3/(-2). Suppose -6*q = -k*q - 28. What is the highest common factor of q and 21?
7
Let b be (1/3)/((-6)/(-72)). Suppose -4*r - b*j + 60 = 0, 2*r - j = 7*r - 87. What is the greatest common factor of 36 and r?
18
Let q(x) = -10*x - 1. Let c be q(-1). Let i = 86 + -41. What is the greatest common factor of c and i?
9
Let u = 8 - -6. Suppose u = 5*v - 5*b - 61, -2*v - b = -30. Let y be -1 - (0/2 + -31). Calculate the greatest common factor of v and y.
15
Suppose 0 = -s - 0*s - 4. Let b(x) = x**2 + 3*x. Let r be b(s). Calculate the greatest common factor of 10 and r.
2
Let m be (-8)/(-20) - 36/(-10). Suppose 18 = m*j - j. Suppose -j*n + 2*n + 56 = 0. Calculate the highest common factor of 154 and n.
14
Let u = -14 + 20. Calculate the highest common factor of u and 15.
3
Let q be (-216)/(-15) - 6/(-10). What is the highest common divisor of 105 and 